ppose 540 = -20*l + i*l. What are the prime factors of l?
2, 3
Let n(b) = -b**2 - 13*b + 70. Let o be n(30). Let x = 687 + o. Let p = x + 793. List the prime factors of p.
2, 5, 13
Let c(o) = -8*o + 217. Let s = 411 - 449. What are the prime factors of c(s)?
521
Let u(s) = -s**3 + 58*s**2 + 36*s + 1734. List the prime factors of u(47).
5, 1109
Let h(g) = -g - 2. Let y be h(-5). Suppose -2*k + 16 = -3*l - 0*l, -y*l = 0. Suppose 10*v - k*v = 402. List the prime factors of v.
3, 67
Let x be (240/100)/(2/(-10)). Let a be (2 - 2)*(x + 13). Suppose 10*q - 940 = -a*q. List the prime factors of q.
2, 47
Suppose -3 = 3*l + 5*d, 5*d = 8*l - 3*l - 35. What are the prime factors of -2 - (-103 - (0 + l))/1?
3, 5, 7
Let d(n) = 7*n**3 - 5*n**2 - 4*n + 2. Let k be -5*14/(-175)*10. List the prime factors of d(k).
2, 3, 59
Let m be (-6)/(-9) + 60/(-9). Suppose -7*t + 6 = -36. What are the prime factors of (-22)/m - (-2)/t?
2
Let a be (0 + -3)*(5/5 - 2). Suppose 5*h = -t + a*t + 263, 0 = -h - 5. Let y = 201 + t. What are the prime factors of y?
3, 19
Suppose 4*z - 3*s = 1253, -3*s = -3*z - 2*s + 936. What are the prime factors of z?
311
List the prime factors of (-963380)/(-140) + 6/(-21).
7, 983
Suppose -5*i + 99685 = 3*g + 29351, 0 = -5*g - 3*i + 117250. List the prime factors of g.
47, 499
List the prime factors of 9617*(-16 - 110/(-10) - -8).
3, 59, 163
Let q(w) = 91 - 2*w**2 + w - 2*w - 1. Let n = 452 + -452. What are the prime factors of q(n)?
2, 3, 5
Suppose -3*s = -2*x + 34433, -23646 + 6440 = -x - 2*s. What are the prime factors of x?
2, 13, 331
Suppose 333*t - 4892740 = 92*t - 266986. What are the prime factors of t?
2, 3, 7, 457
Let s be 0 - -1 - 4/16*0. Let m(x) = 292*x**2 + x - 1. List the prime factors of m(s).
2, 73
Let x(l) = -2*l**2 - 37 + 58*l - 105*l + 13*l. Let q be x(-22). Let s = q + 413. What are the prime factors of s?
2, 3, 13
Let v be -5 + 10/(-75) + 257447/15. Suppose 35*s - v = 12*s. What are the prime factors of s?
2, 373
Let m = -187 - -377. Let k(s) = -s**2 - 13*s + 4. Let a be k(5). Let v = a + m. List the prime factors of v.
2, 13
Let y be (-3 - -19)/(-1 - -3). Suppose 7*n = y*n - 95. Let m = -24 + n. List the prime factors of m.
71
Let z be (-74)/185 + (-392)/(-5). What are the prime factors of 101 - (z/65)/((-4)/10)?
2, 13
Let h = 24 - 52. Let r = h - -32. Suppose -6*p + 78 = -r*p. List the prime factors of p.
3, 13
Suppose -b - 3*t = -12, -4*b - 8 = b - 2*t. Let i be 0 + 3 + -2 - (b - 46). List the prime factors of i - -1 - (8 + (-30)/6).
3, 5
Suppose i - 32351 = -9*h, -4*h + 44*i - 41*i = -14392. What are the prime factors of h?
5, 719
What are the prime factors of ((-291616)/(-91))/((-2)/(-7))?
2, 701
Let c = 178 - 85. What are the prime factors of ((-49)/(-3))/(c/45 + -2)?
5, 7
Let x(v) = 2*v**2 - 5*v - 66. Let p be x(-28). Let n = 2331 - p. List the prime factors of n.
13, 53
Let l be (-279)/(-2) - (-7)/14. Suppose 87 = -4*w + 5*y - l, 2*y - 6 = 0. Let i = 97 - w. What are the prime factors of i?
2, 3, 5
Let y = 80 - 90. Let m = -6 - y. Suppose 7*u = m*u + 555. List the prime factors of u.
5, 37
Let r be 812 - (-3 + 3/3). Suppose 0 = 14*y - r - 2154. List the prime factors of y.
2, 53
Suppose 9*f = -5*y + 12*f + 13, -5*y = 4*f - 41. Suppose 330 = 5*c + 5*v - 7*v, 5*c = -y*v + 330. List the prime factors of c.
2, 3, 11
Let x(z) = -z**2 + 22*z + 34. Let k = -69 + 92. Let u be x(k). Suppose -u*l + 2338 = 3*l. What are the prime factors of l?
167
Let t(b) = 5*b + 7. Let z(w) = w**3 + 10*w**2 - 12*w - 8. Let f be z(-11). Let y be t(f). What are the prime factors of (14/3)/(y/297)?
3, 7
Let z(m) = -1100*m - 1072. What are the prime factors of z(-9)?
2, 2207
Let u = -888 + 526. Let q = u - -574. What are the prime factors of q?
2, 53
Suppose 0 = -4*c + 5*q + 56714, -c + 10939 = 5*q - 3227. What are the prime factors of c?
2, 443
Suppose -21447 - 4940 = -2*c - 5*s, -5*s - 52729 = -4*c. List the prime factors of c.
2, 19, 347
Let v(k) = 15*k - 69. Let p be v(5). Suppose 57*h - 60*h = -p. List the prime factors of h.
2
Suppose 61 = -3*x + 304. Suppose -x*g + 77*g + 3520 = 0. List the prime factors of g.
2, 5, 11
Let u be (1*-6)/((-9)/48). Let g be 11 + 50 + -12 + -1. Let i = g - u. What are the prime factors of i?
2
Let v = -5312 - -9286. List the prime factors of v.
2, 1987
Suppose -8*t = -3292 + 764. Suppose -15*n - t = -16*n. Let m = n + -180. List the prime factors of m.
2, 17
Suppose -111146 = -16*h + 50*h. Let d = 4747 + h. List the prime factors of d.
2, 739
Suppose -20*i = -28*i + 9944. What are the prime factors of i?
11, 113
Let i(y) be the third derivative of -7*y**4/8 + 11*y**3/3 - 3*y**2. Let z be i(4). Let x = 106 + z. What are the prime factors of x?
2, 11
Let m(p) = 4403*p + 1563. What are the prime factors of m(3)?
2, 3, 1231
Suppose 8*u = -18*k + 23*k + 12941, u - k - 1618 = 0. List the prime factors of u.
3, 7, 11
Let h be 4123*-1*3/(-3). Suppose -h = -6*s + 4457. List the prime factors of s.
2, 5, 11, 13
Suppose 4*s - 4*p = 5 - 29, -4*s - 3*p = 3. Let w(o) = -18*o**3 - o**2 - o - 3. List the prime factors of w(s).
3, 53
Let o(j) = -5*j + 11*j**2 - 2 + 5*j + 2*j**2. Let m be o(-6). Suppose -4*v - 52 = 5*d - m, 2*d = 5*v + 192. List the prime factors of d.
2, 43
Suppose -8208*n + 863380 = -8173*n. What are the prime factors of n?
2, 7, 881
Suppose -2*y + 3*i - 194 = -3*y, i - 200 = -y. Let t = y - -383. List the prime factors of t.
2, 293
Let h be (44/14 + 2)*35. Suppose 5*m + h = 8*m. List the prime factors of m.
2, 3, 5
Let b be 102/(-18)*3*11. Let f = -103 - b. What are the prime factors of f?
2, 3, 7
Let f = 5 + 12. Suppose x = 2*x - 5*a + f, 0 = 2*a + 8. Let b = x - -97. What are the prime factors of b?
2, 3, 5
Let o(y) = -13*y**3 + 5*y**2 - 12*y + 93. List the prime factors of o(-11).
18133
Let p(s) = -2697*s - 3906. List the prime factors of p(-7).
3, 7, 23, 31
Suppose -475*n - 600 = -483*n. Suppose -3*z - 74*m = -n*m - 4651, 5*m + 4655 = 3*z. What are the prime factors of z?
2, 5, 31
Let a be (3 + 0)*(-182426)/(-318). Let j = a + -928. What are the prime factors of j?
13, 61
Let l = 122754 + -82312. What are the prime factors of l?
2, 73, 277
Let h(q) = -16*q + 360. Let z be h(23). Suppose 0*o + 56 = -2*o. Let x = z - o. What are the prime factors of x?
2, 5
Suppose 2*j - 4*o - 19146 = 0, -4*o + 2165 = -5*j + 50048. List the prime factors of j.
3, 31, 103
Let q(d) = -97*d**3 - 2*d**2 - 68*d - 273. List the prime factors of q(-5).
2, 13, 467
Let p(x) = 12*x**2 + 110*x + 2190. What are the prime factors of p(-52)?
2, 19, 761
Let x be (270/24)/(-3)*(-2 - 6). Suppose 0 = -242*b + 236*b + x. List the prime factors of b.
5
Suppose -48 = -30*o + 6*o. Suppose 27 = -o*s + 35, -4*v - 3*s = -2932. What are the prime factors of v?
2, 5, 73
Suppose z + 4*f = 7779, 4*z - 16*f - 31116 = -14*f. What are the prime factors of z?
3, 2593
Suppose 47*r + 158058 = 70*r + 21714. What are the prime factors of r?
2, 3, 13, 19
Let x = -2314 - -5764. List the prime factors of x.
2, 3, 5, 23
Let v be (59 - (5 + -2)) + (-2)/1. Suppose 0*a + a = 2*j - 47, 15 = 3*a. Let o = j + v. What are the prime factors of o?
2, 5
Let h = 12010 + -3392. What are the prime factors of h?
2, 31, 139
Suppose 215*y - 32864 = 211*y. List the prime factors of y.
2, 13, 79
Suppose 17*d = 23*d - 113784. Suppose -4*n - d = -26*n. List the prime factors of n.
2, 431
Let l = -3142 - -3344. List the prime factors of l.
2, 101
Let o be (-504)/420*(-5)/2*10. Suppose 0 = o*d - 15394 - 8666. What are the prime factors of d?
2, 401
Let k(z) = -13193*z**3 + z**2 + 23*z + 23. What are the prime factors of k(-1)?
2, 3, 733
Let c = 455 - 518. Let l = 264 + c. What are the prime factors of l?
3, 67
Let k(j) = -1235*j - 353. List the prime factors of k(-5).
2, 41, 71
Suppose 0 = 20*l - 71*l + 290700. Suppose 0 = 6*k + 558 - l. What are the prime factors of k?
857
Suppose -3007*l + 3062*l - 1144000 = 0. What are the prime factors of l?
2, 5, 13
Suppose 0 = -8*i + 11484 - 1524. Let d = i - 886. What are the prime factors of d?
359
Let r(x) = -1098*x - 1961. List the prime factors of r(-9).
89
Let g = 7978 - -6628. List the prime factors of g.
2, 67, 109
Let m = -637 - -3099. List the prime factors of m.
2, 1231
Let y(l) = 43*l**2 - l + 18. Suppose 3 = 7*d - 32. List the 